{"id":135,"date":"2015-02-17T23:04:35","date_gmt":"2015-02-17T22:04:35","guid":{"rendered":"http:\/\/www.amicalecaninedijon.net\/wordpress\/?page_id=135"},"modified":"2022-07-22T14:52:29","modified_gmt":"2022-07-22T12:52:29","slug":"club-chien-dijon","status":"publish","type":"page","link":"http:\/\/www.amicalecaninedijon.net\/wordpress\/le-club\/club-chien-dijon\/","title":{"rendered":"Statuts &#8211; R\u00e8glement int\u00e9rieur &#8211; Protocole"},"content":{"rendered":"<p>Notre association est un club d&rsquo;utilisation soumis \u00e0 la loi de 1901, nous sommes affili\u00e9s \u00e0 la S.C.B (Soci\u00e9t\u00e9 Canine de Bourgogne) elle-m\u00eame affili\u00e9e \u00e0 la S.C.C (Soci\u00e9t\u00e9 Centrale Canine) association reconnue d&rsquo;utilit\u00e9 publique.<\/p>\n<p>Le club est habilit\u00e9 sous le N\u00b0 : 1149<\/p>\n<p>Tous nos membres sont des b\u00e9n\u00e9voles.<\/p>\n<p>Statuts, R\u00e8glement int\u00e9rieur et protocole d&rsquo;utilisation du terrain de l&rsquo;ADSC valid\u00e9s par notre l&rsquo;Assembl\u00e9e G\u00e9n\u00e9rale en Mars 2017 et l&rsquo;ACTB :<\/p>\n<p><span style=\"color: #993300;\"><a href=\"http:\/\/www.amicalecaninedijon.net\/wordpress\/wp-content\/uploads\/2022\/07\/STATUTS-ADSC.pdf\">STATUTS ADSC<\/a><\/span><\/p>\n<p><a href=\"http:\/\/www.amicalecaninedijon.net\/wordpress\/wp-content\/uploads\/2022\/07\/PROTOCOLE-ADSC-valid\u00e9.pdf\">PROTOCOLE ADSC valid\u00e9<\/a><\/p>\n<p><a href=\"http:\/\/www.amicalecaninedijon.net\/wordpress\/wp-content\/uploads\/2022\/07\/REGLEMENT-INTERIEUR-ADSC.pdf\">REGLEMENT INTERIEUR ADSC<\/a><\/p>\n<p><span style=\"text-decoration: underline;\">Nos Objectifs :<\/span><\/p>\n<ul>\n<li>Aide et conseils pour l&rsquo;\u00e9ducation des chiens de toutes races.<\/li>\n<li>Pr\u00e9paration d&rsquo;\u00e9quipes cynophiles \u00e0 la comp\u00e9tition dans plusieurs disciplines\n<ul>\n<li>Ob\u00e9issance<\/li>\n<li>Pistage Fran\u00e7ais<\/li>\n<li>Agility<\/li>\n<\/ul>\n<\/li>\n<\/ul>\n","protected":false},"excerpt":{"rendered":"<p>Notre association est un club d&rsquo;utilisation soumis \u00e0 la loi de 1901, nous sommes affili\u00e9s \u00e0 la S.C.B (Soci\u00e9t\u00e9 Canine de Bourgogne) elle-m\u00eame affili\u00e9e \u00e0 la S.C.C (Soci\u00e9t\u00e9 Centrale Canine) association reconnue d&rsquo;utilit\u00e9 publique. Le club est habilit\u00e9 sous le N\u00b0 : 1149 Tous nos membres sont des b\u00e9n\u00e9voles. Statuts, R\u00e8glement int\u00e9rieur et protocole d&rsquo;utilisation &hellip; <a href=\"http:\/\/www.amicalecaninedijon.net\/wordpress\/le-club\/club-chien-dijon\/\" class=\"more-link\">Continuer la lecture de <span class=\"screen-reader-text\">Statuts &#8211; R\u00e8glement int\u00e9rieur &#8211; Protocole<\/span><\/a><\/p>\n","protected":false},"author":2,"featured_media":0,"parent":12,"menu_order":2,"comment_status":"closed","ping_status":"closed","template":"","meta":{"ngg_post_thumbnail":0,"footnotes":""},"class_list":["post-135","page","type-page","status-publish","hentry"],"yoast_head":"<!-- This site is optimized with the Yoast SEO plugin v24.9 - https:\/\/yoast.com\/wordpress\/plugins\/seo\/ -->\n<title>Statuts association ADSC<\/title>\n<meta name=\"description\" content=\"Notre association est un club d&#039;utilisation soumis \u00e0 la loi de 1901, affili\u00e9s \u00e0 la S.C.B (Soci\u00e9t\u00e9 Canine de Bourgogne) elle-m\u00eame affili\u00e9e \u00e0 la S.C.C\" \/>\n<meta name=\"robots\" content=\"index, follow, max-snippet:-1, max-image-preview:large, max-video-preview:-1\" \/>\n<link rel=\"canonical\" href=\"http:\/\/www.amicalecaninedijon.net\/wordpress\/le-club\/club-chien-dijon\/\" \/>\n<meta property=\"og:locale\" content=\"fr_FR\" \/>\n<meta property=\"og:type\" content=\"article\" \/>\n<meta property=\"og:title\" content=\"Statuts association ADSC\" \/>\n<meta property=\"og:description\" content=\"Notre association est un club d&#039;utilisation soumis \u00e0 la loi de 1901, affili\u00e9s \u00e0 la S.C.B (Soci\u00e9t\u00e9 Canine de Bourgogne) elle-m\u00eame affili\u00e9e \u00e0 la S.C.C\" \/>\n<meta property=\"og:url\" content=\"http:\/\/www.amicalecaninedijon.net\/wordpress\/le-club\/club-chien-dijon\/\" \/>\n<meta property=\"og:site_name\" content=\"ADSC\" \/>\n<meta property=\"article:modified_time\" content=\"2022-07-22T12:52:29+00:00\" \/>\n<meta name=\"twitter:label1\" content=\"Dur\u00e9e de lecture estim\u00e9e\" \/>\n\t<meta name=\"twitter:data1\" content=\"1 minute\" \/>\n<script type=\"application\/ld+json\" class=\"yoast-schema-graph\">{\"@context\":\"https:\/\/schema.org\",\"@graph\":[{\"@type\":\"WebPage\",\"@id\":\"http:\/\/www.amicalecaninedijon.net\/wordpress\/le-club\/club-chien-dijon\/\",\"url\":\"http:\/\/www.amicalecaninedijon.net\/wordpress\/le-club\/club-chien-dijon\/\",\"name\":\"Statuts association ADSC\",\"isPartOf\":{\"@id\":\"http:\/\/www.amicalecaninedijon.net\/wordpress\/#website\"},\"datePublished\":\"2015-02-17T22:04:35+00:00\",\"dateModified\":\"2022-07-22T12:52:29+00:00\",\"description\":\"Notre association est un club d'utilisation soumis \u00e0 la loi de 1901, affili\u00e9s \u00e0 la S.C.B (Soci\u00e9t\u00e9 Canine de Bourgogne) elle-m\u00eame affili\u00e9e \u00e0 la S.C.C\",\"breadcrumb\":{\"@id\":\"http:\/\/www.amicalecaninedijon.net\/wordpress\/le-club\/club-chien-dijon\/#breadcrumb\"},\"inLanguage\":\"fr-FR\",\"potentialAction\":[{\"@type\":\"ReadAction\",\"target\":[\"http:\/\/www.amicalecaninedijon.net\/wordpress\/le-club\/club-chien-dijon\/\"]}]},{\"@type\":\"BreadcrumbList\",\"@id\":\"http:\/\/www.amicalecaninedijon.net\/wordpress\/le-club\/club-chien-dijon\/#breadcrumb\",\"itemListElement\":[{\"@type\":\"ListItem\",\"position\":1,\"name\":\"Accueil\",\"item\":\"http:\/\/www.amicalecaninedijon.net\/wordpress\/\"},{\"@type\":\"ListItem\",\"position\":2,\"name\":\"Le club\",\"item\":\"http:\/\/www.amicalecaninedijon.net\/wordpress\/le-club\/\"},{\"@type\":\"ListItem\",\"position\":3,\"name\":\"Statuts &#8211; R\u00e8glement int\u00e9rieur &#8211; Protocole\"}]},{\"@type\":\"WebSite\",\"@id\":\"http:\/\/www.amicalecaninedijon.net\/wordpress\/#website\",\"url\":\"http:\/\/www.amicalecaninedijon.net\/wordpress\/\",\"name\":\"ADSC\",\"description\":\"AMICALE DIJONNAISE DES SPORTS CANINS\",\"potentialAction\":[{\"@type\":\"SearchAction\",\"target\":{\"@type\":\"EntryPoint\",\"urlTemplate\":\"http:\/\/www.amicalecaninedijon.net\/wordpress\/?s={search_term_string}\"},\"query-input\":{\"@type\":\"PropertyValueSpecification\",\"valueRequired\":true,\"valueName\":\"search_term_string\"}}],\"inLanguage\":\"fr-FR\"}]}<\/script>\n<!-- \/ Yoast SEO plugin. -->","yoast_head_json":{"title":"Statuts association ADSC","description":"Notre association est un club d'utilisation soumis \u00e0 la loi de 1901, affili\u00e9s \u00e0 la S.C.B (Soci\u00e9t\u00e9 Canine de Bourgogne) elle-m\u00eame affili\u00e9e \u00e0 la S.C.C","robots":{"index":"index","follow":"follow","max-snippet":"max-snippet:-1","max-image-preview":"max-image-preview:large","max-video-preview":"max-video-preview:-1"},"canonical":"http:\/\/www.amicalecaninedijon.net\/wordpress\/le-club\/club-chien-dijon\/","og_locale":"fr_FR","og_type":"article","og_title":"Statuts association ADSC","og_description":"Notre association est un club d'utilisation soumis \u00e0 la loi de 1901, affili\u00e9s \u00e0 la S.C.B (Soci\u00e9t\u00e9 Canine de Bourgogne) elle-m\u00eame affili\u00e9e \u00e0 la S.C.C","og_url":"http:\/\/www.amicalecaninedijon.net\/wordpress\/le-club\/club-chien-dijon\/","og_site_name":"ADSC","article_modified_time":"2022-07-22T12:52:29+00:00","twitter_misc":{"Dur\u00e9e de lecture estim\u00e9e":"1 minute"},"schema":{"@context":"https:\/\/schema.org","@graph":[{"@type":"WebPage","@id":"http:\/\/www.amicalecaninedijon.net\/wordpress\/le-club\/club-chien-dijon\/","url":"http:\/\/www.amicalecaninedijon.net\/wordpress\/le-club\/club-chien-dijon\/","name":"Statuts association ADSC","isPartOf":{"@id":"http:\/\/www.amicalecaninedijon.net\/wordpress\/#website"},"datePublished":"2015-02-17T22:04:35+00:00","dateModified":"2022-07-22T12:52:29+00:00","description":"Notre association est un club d'utilisation soumis \u00e0 la loi de 1901, affili\u00e9s \u00e0 la S.C.B (Soci\u00e9t\u00e9 Canine de Bourgogne) elle-m\u00eame affili\u00e9e \u00e0 la S.C.C","breadcrumb":{"@id":"http:\/\/www.amicalecaninedijon.net\/wordpress\/le-club\/club-chien-dijon\/#breadcrumb"},"inLanguage":"fr-FR","potentialAction":[{"@type":"ReadAction","target":["http:\/\/www.amicalecaninedijon.net\/wordpress\/le-club\/club-chien-dijon\/"]}]},{"@type":"BreadcrumbList","@id":"http:\/\/www.amicalecaninedijon.net\/wordpress\/le-club\/club-chien-dijon\/#breadcrumb","itemListElement":[{"@type":"ListItem","position":1,"name":"Accueil","item":"http:\/\/www.amicalecaninedijon.net\/wordpress\/"},{"@type":"ListItem","position":2,"name":"Le club","item":"http:\/\/www.amicalecaninedijon.net\/wordpress\/le-club\/"},{"@type":"ListItem","position":3,"name":"Statuts &#8211; R\u00e8glement int\u00e9rieur &#8211; Protocole"}]},{"@type":"WebSite","@id":"http:\/\/www.amicalecaninedijon.net\/wordpress\/#website","url":"http:\/\/www.amicalecaninedijon.net\/wordpress\/","name":"ADSC","description":"AMICALE DIJONNAISE DES SPORTS CANINS","potentialAction":[{"@type":"SearchAction","target":{"@type":"EntryPoint","urlTemplate":"http:\/\/www.amicalecaninedijon.net\/wordpress\/?s={search_term_string}"},"query-input":{"@type":"PropertyValueSpecification","valueRequired":true,"valueName":"search_term_string"}}],"inLanguage":"fr-FR"}]}},"_links":{"self":[{"href":"http:\/\/www.amicalecaninedijon.net\/wordpress\/wp-json\/wp\/v2\/pages\/135"}],"collection":[{"href":"http:\/\/www.amicalecaninedijon.net\/wordpress\/wp-json\/wp\/v2\/pages"}],"about":[{"href":"http:\/\/www.amicalecaninedijon.net\/wordpress\/wp-json\/wp\/v2\/types\/page"}],"author":[{"embeddable":true,"href":"http:\/\/www.amicalecaninedijon.net\/wordpress\/wp-json\/wp\/v2\/users\/2"}],"replies":[{"embeddable":true,"href":"http:\/\/www.amicalecaninedijon.net\/wordpress\/wp-json\/wp\/v2\/comments?post=135"}],"version-history":[{"count":22,"href":"http:\/\/www.amicalecaninedijon.net\/wordpress\/wp-json\/wp\/v2\/pages\/135\/revisions"}],"predecessor-version":[{"id":4722,"href":"http:\/\/www.amicalecaninedijon.net\/wordpress\/wp-json\/wp\/v2\/pages\/135\/revisions\/4722"}],"up":[{"embeddable":true,"href":"http:\/\/www.amicalecaninedijon.net\/wordpress\/wp-json\/wp\/v2\/pages\/12"}],"wp:attachment":[{"href":"http:\/\/www.amicalecaninedijon.net\/wordpress\/wp-json\/wp\/v2\/media?parent=135"}],"curies":[{"name":"wp","href":"https:\/\/api.w.org\/{rel}","templated":true}]}}