{"id":24,"date":"2015-02-11T16:41:14","date_gmt":"2015-02-11T15:41:14","guid":{"rendered":"http:\/\/www.amicalecaninedijon.net\/wordpress\/?page_id=24"},"modified":"2025-08-19T15:19:46","modified_gmt":"2025-08-19T13:19:46","slug":"sports-canins-dijon","status":"publish","type":"page","link":"http:\/\/www.amicalecaninedijon.net\/wordpress\/sports-canins-dijon\/","title":{"rendered":"Les sports canins"},"content":{"rendered":"<p>Apr\u00e8s le cycle d&rsquo;\u00e9ducation et l&rsquo;obtention du C.S.A.U, vous aurez sans doute envie de poursuivre cette complicit\u00e9 qui s&rsquo;est instaur\u00e9e entre vous et votre chien en pratiquant un sport canin.<\/p>\n<p>Le sport canin a pour but de mettre en valeur les qualit\u00e9s de travail des chiens en fonction des aptitudes de leur race. Ils permettent aux chiens de s&rsquo;\u00e9panouir aux c\u00f4t\u00e9s de leur ma\u00eetre pour devenir sociables, ob\u00e9issants, bien dans leur peau, \u00e9quilibr\u00e9s et se d\u00e9foulant ailleurs que dans la maison ou sur les passants.<\/p>\n<p>Plusieurs disciplines peuvent \u00eatre pratiqu\u00e9es au sein de notre club , 5 sections peuvent vous accueillir :<\/p>\n<p><a title=\"L\u2019ob\u00e9issance\" href=\"http:\/\/www.amicalecaninedijon.net\/wordpress\/sports-canins-dijon\/obeissance-chien\/\">L&rsquo;ob\u00e9issance<\/a><br \/>\n<a title=\"Le pistage fran\u00e7ais\" href=\"http:\/\/www.amicalecaninedijon.net\/wordpress\/sports-canins-dijon\/le-pistage-francais\/\">Le pistage fran\u00e7ais<\/a><br \/>\n<a title=\"L\u2019agility\" href=\"http:\/\/www.amicalecaninedijon.net\/wordpress\/sports-canins-dijon\/agility-dijon\/\">L&rsquo;Agility<\/a><\/p>\n<p><span style=\"color: #3366ff;\">Hoopers<\/span><\/p>\n<p><span style=\"color: #3366ff;\">Chiens Visiteurs<\/span><\/p>\n","protected":false},"excerpt":{"rendered":"<p>Apr\u00e8s le cycle d&rsquo;\u00e9ducation et l&rsquo;obtention du C.S.A.U, vous aurez sans doute envie de poursuivre cette complicit\u00e9 qui s&rsquo;est instaur\u00e9e entre vous et votre chien en pratiquant un sport canin. Le sport canin a pour but de mettre en valeur les qualit\u00e9s de travail des chiens en fonction des aptitudes de leur race. Ils permettent &hellip; <a href=\"http:\/\/www.amicalecaninedijon.net\/wordpress\/sports-canins-dijon\/\" class=\"more-link\">Continuer la lecture de <span class=\"screen-reader-text\">Les sports canins<\/span><\/a><\/p>\n","protected":false},"author":2,"featured_media":0,"parent":0,"menu_order":4,"comment_status":"closed","ping_status":"open","template":"","meta":{"ngg_post_thumbnail":0,"footnotes":""},"class_list":["post-24","page","type-page","status-publish","hentry"],"yoast_head":"<!-- This site is optimized with the Yoast SEO plugin v24.9 - https:\/\/yoast.com\/wordpress\/plugins\/seo\/ -->\n<title>Sports Canins Bourgogne<\/title>\n<meta name=\"description\" content=\"Le sport canin a pour but de mettre en valeur les qualit\u00e9s de travail des chiens en fonction des aptitudes de leur race.\" \/>\n<meta name=\"robots\" content=\"index, follow, max-snippet:-1, max-image-preview:large, max-video-preview:-1\" \/>\n<link rel=\"canonical\" href=\"http:\/\/www.amicalecaninedijon.net\/wordpress\/sports-canins-dijon\/\" \/>\n<meta property=\"og:locale\" content=\"fr_FR\" \/>\n<meta property=\"og:type\" content=\"article\" \/>\n<meta property=\"og:title\" content=\"Sports Canins Bourgogne\" \/>\n<meta property=\"og:description\" content=\"Le sport canin a pour but de mettre en valeur les qualit\u00e9s de travail des chiens en fonction des aptitudes de leur race.\" \/>\n<meta property=\"og:url\" content=\"http:\/\/www.amicalecaninedijon.net\/wordpress\/sports-canins-dijon\/\" \/>\n<meta property=\"og:site_name\" content=\"ADSC\" \/>\n<meta property=\"article:modified_time\" content=\"2025-08-19T13:19:46+00:00\" \/>\n<meta name=\"twitter:label1\" content=\"Dur\u00e9e de lecture estim\u00e9e\" \/>\n\t<meta name=\"twitter:data1\" content=\"1 minute\" \/>\n<script type=\"application\/ld+json\" class=\"yoast-schema-graph\">{\"@context\":\"https:\/\/schema.org\",\"@graph\":[{\"@type\":\"WebPage\",\"@id\":\"http:\/\/www.amicalecaninedijon.net\/wordpress\/sports-canins-dijon\/\",\"url\":\"http:\/\/www.amicalecaninedijon.net\/wordpress\/sports-canins-dijon\/\",\"name\":\"Sports Canins Bourgogne\",\"isPartOf\":{\"@id\":\"http:\/\/www.amicalecaninedijon.net\/wordpress\/#website\"},\"datePublished\":\"2015-02-11T15:41:14+00:00\",\"dateModified\":\"2025-08-19T13:19:46+00:00\",\"description\":\"Le sport canin a pour but de mettre en valeur les qualit\u00e9s de travail des chiens en fonction des aptitudes de leur race.\",\"breadcrumb\":{\"@id\":\"http:\/\/www.amicalecaninedijon.net\/wordpress\/sports-canins-dijon\/#breadcrumb\"},\"inLanguage\":\"fr-FR\",\"potentialAction\":[{\"@type\":\"ReadAction\",\"target\":[\"http:\/\/www.amicalecaninedijon.net\/wordpress\/sports-canins-dijon\/\"]}]},{\"@type\":\"BreadcrumbList\",\"@id\":\"http:\/\/www.amicalecaninedijon.net\/wordpress\/sports-canins-dijon\/#breadcrumb\",\"itemListElement\":[{\"@type\":\"ListItem\",\"position\":1,\"name\":\"Accueil\",\"item\":\"http:\/\/www.amicalecaninedijon.net\/wordpress\/\"},{\"@type\":\"ListItem\",\"position\":2,\"name\":\"Les sports canins\"}]},{\"@type\":\"WebSite\",\"@id\":\"http:\/\/www.amicalecaninedijon.net\/wordpress\/#website\",\"url\":\"http:\/\/www.amicalecaninedijon.net\/wordpress\/\",\"name\":\"ADSC\",\"description\":\"AMICALE DIJONNAISE DES SPORTS CANINS\",\"potentialAction\":[{\"@type\":\"SearchAction\",\"target\":{\"@type\":\"EntryPoint\",\"urlTemplate\":\"http:\/\/www.amicalecaninedijon.net\/wordpress\/?s={search_term_string}\"},\"query-input\":{\"@type\":\"PropertyValueSpecification\",\"valueRequired\":true,\"valueName\":\"search_term_string\"}}],\"inLanguage\":\"fr-FR\"}]}<\/script>\n<!-- \/ Yoast SEO plugin. -->","yoast_head_json":{"title":"Sports Canins Bourgogne","description":"Le sport canin a pour but de mettre en valeur les qualit\u00e9s de travail des chiens en fonction des aptitudes de leur race.","robots":{"index":"index","follow":"follow","max-snippet":"max-snippet:-1","max-image-preview":"max-image-preview:large","max-video-preview":"max-video-preview:-1"},"canonical":"http:\/\/www.amicalecaninedijon.net\/wordpress\/sports-canins-dijon\/","og_locale":"fr_FR","og_type":"article","og_title":"Sports Canins Bourgogne","og_description":"Le sport canin a pour but de mettre en valeur les qualit\u00e9s de travail des chiens en fonction des aptitudes de leur race.","og_url":"http:\/\/www.amicalecaninedijon.net\/wordpress\/sports-canins-dijon\/","og_site_name":"ADSC","article_modified_time":"2025-08-19T13:19:46+00:00","twitter_misc":{"Dur\u00e9e de lecture estim\u00e9e":"1 minute"},"schema":{"@context":"https:\/\/schema.org","@graph":[{"@type":"WebPage","@id":"http:\/\/www.amicalecaninedijon.net\/wordpress\/sports-canins-dijon\/","url":"http:\/\/www.amicalecaninedijon.net\/wordpress\/sports-canins-dijon\/","name":"Sports Canins Bourgogne","isPartOf":{"@id":"http:\/\/www.amicalecaninedijon.net\/wordpress\/#website"},"datePublished":"2015-02-11T15:41:14+00:00","dateModified":"2025-08-19T13:19:46+00:00","description":"Le sport canin a pour but de mettre en valeur les qualit\u00e9s de travail des chiens en fonction des aptitudes de leur race.","breadcrumb":{"@id":"http:\/\/www.amicalecaninedijon.net\/wordpress\/sports-canins-dijon\/#breadcrumb"},"inLanguage":"fr-FR","potentialAction":[{"@type":"ReadAction","target":["http:\/\/www.amicalecaninedijon.net\/wordpress\/sports-canins-dijon\/"]}]},{"@type":"BreadcrumbList","@id":"http:\/\/www.amicalecaninedijon.net\/wordpress\/sports-canins-dijon\/#breadcrumb","itemListElement":[{"@type":"ListItem","position":1,"name":"Accueil","item":"http:\/\/www.amicalecaninedijon.net\/wordpress\/"},{"@type":"ListItem","position":2,"name":"Les sports canins"}]},{"@type":"WebSite","@id":"http:\/\/www.amicalecaninedijon.net\/wordpress\/#website","url":"http:\/\/www.amicalecaninedijon.net\/wordpress\/","name":"ADSC","description":"AMICALE DIJONNAISE DES SPORTS CANINS","potentialAction":[{"@type":"SearchAction","target":{"@type":"EntryPoint","urlTemplate":"http:\/\/www.amicalecaninedijon.net\/wordpress\/?s={search_term_string}"},"query-input":{"@type":"PropertyValueSpecification","valueRequired":true,"valueName":"search_term_string"}}],"inLanguage":"fr-FR"}]}},"_links":{"self":[{"href":"http:\/\/www.amicalecaninedijon.net\/wordpress\/wp-json\/wp\/v2\/pages\/24"}],"collection":[{"href":"http:\/\/www.amicalecaninedijon.net\/wordpress\/wp-json\/wp\/v2\/pages"}],"about":[{"href":"http:\/\/www.amicalecaninedijon.net\/wordpress\/wp-json\/wp\/v2\/types\/page"}],"author":[{"embeddable":true,"href":"http:\/\/www.amicalecaninedijon.net\/wordpress\/wp-json\/wp\/v2\/users\/2"}],"replies":[{"embeddable":true,"href":"http:\/\/www.amicalecaninedijon.net\/wordpress\/wp-json\/wp\/v2\/comments?post=24"}],"version-history":[{"count":9,"href":"http:\/\/www.amicalecaninedijon.net\/wordpress\/wp-json\/wp\/v2\/pages\/24\/revisions"}],"predecessor-version":[{"id":5053,"href":"http:\/\/www.amicalecaninedijon.net\/wordpress\/wp-json\/wp\/v2\/pages\/24\/revisions\/5053"}],"wp:attachment":[{"href":"http:\/\/www.amicalecaninedijon.net\/wordpress\/wp-json\/wp\/v2\/media?parent=24"}],"curies":[{"name":"wp","href":"https:\/\/api.w.org\/{rel}","templated":true}]}}