{"id":4002,"date":"2019-10-11T14:19:07","date_gmt":"2019-10-11T12:19:07","guid":{"rendered":"http:\/\/www.amicalecaninedijon.net\/wordpress\/?page_id=4002"},"modified":"2025-12-07T15:07:06","modified_gmt":"2025-12-07T14:07:06","slug":"chiens-visiteurs","status":"publish","type":"page","link":"http:\/\/www.amicalecaninedijon.net\/wordpress\/chiens-visiteurs\/","title":{"rendered":"Chiens visiteurs"},"content":{"rendered":"<h3><a href=\"http:\/\/www.amicalecaninedijon.net\/wordpress\/wp-content\/uploads\/2025\/03\/Numerisation_20250319-3-rotated.jpg\"><img loading=\"lazy\" decoding=\"async\" class=\"alignnone size-full wp-image-5025\" src=\"http:\/\/www.amicalecaninedijon.net\/wordpress\/wp-content\/uploads\/2025\/03\/Numerisation_20250319-3-rotated.jpg\" alt=\"\" width=\"1755\" height=\"1276\" srcset=\"http:\/\/www.amicalecaninedijon.net\/wordpress\/wp-content\/uploads\/2025\/03\/Numerisation_20250319-3-rotated.jpg 1755w, http:\/\/www.amicalecaninedijon.net\/wordpress\/wp-content\/uploads\/2025\/03\/Numerisation_20250319-3-300x218.jpg 300w, http:\/\/www.amicalecaninedijon.net\/wordpress\/wp-content\/uploads\/2025\/03\/Numerisation_20250319-3-1024x745.jpg 1024w, http:\/\/www.amicalecaninedijon.net\/wordpress\/wp-content\/uploads\/2025\/03\/Numerisation_20250319-3-768x558.jpg 768w, http:\/\/www.amicalecaninedijon.net\/wordpress\/wp-content\/uploads\/2025\/03\/Numerisation_20250319-3-1536x1117.jpg 1536w\" sizes=\"(max-width: 1755px) 100vw, 1755px\" \/><\/a><\/h3>\n<h3 id=\"yui_3_5_0_1_1464865282195_30723\"><span style=\"color: #993300;\"><strong><em><span id=\"yui_3_5_0_1_1464865282195_30722\"><span id=\"yui_3_5_0_1_1464865282195_30720\"><span id=\"yui_3_5_0_1_1464865282195_30719\">Qu\u2019est ce qu\u2019un chien visiteur ?<br \/>\n<\/span><\/span><\/span><\/em><\/strong><\/span><\/h3>\n<div style=\"text-align: left;\">Un chien visiteur, c\u2019est un chien qui vient visiter des personnes \u00ab\u00a0coinc\u00e9es&nbsp;derri\u00e8re les murs\u00a0\u00bb, ceux de la vieillesse, de la maladie, du handicap, des prisons, de l\u2019exclusion&#8230; mais \u00e9galement&nbsp;des enfants scolaris\u00e9s dans une but d\u2019informations et de pr\u00e9vention des morsures.<\/div>\n<div>&nbsp;<a href=\"http:\/\/www.amicalecaninedijon.net\/wordpress\/wp-content\/uploads\/2019\/10\/72539698_521548908682612_5129542676416299008_n.jpg\"><img loading=\"lazy\" decoding=\"async\" class=\"wp-image-4004 aligncenter\" src=\"http:\/\/www.amicalecaninedijon.net\/wordpress\/wp-content\/uploads\/2019\/10\/72539698_521548908682612_5129542676416299008_n-1024x614.jpg\" alt=\"\" width=\"423\" height=\"254\" srcset=\"http:\/\/www.amicalecaninedijon.net\/wordpress\/wp-content\/uploads\/2019\/10\/72539698_521548908682612_5129542676416299008_n-1024x614.jpg 1024w, http:\/\/www.amicalecaninedijon.net\/wordpress\/wp-content\/uploads\/2019\/10\/72539698_521548908682612_5129542676416299008_n-300x180.jpg 300w, http:\/\/www.amicalecaninedijon.net\/wordpress\/wp-content\/uploads\/2019\/10\/72539698_521548908682612_5129542676416299008_n-768x461.jpg 768w, http:\/\/www.amicalecaninedijon.net\/wordpress\/wp-content\/uploads\/2019\/10\/72539698_521548908682612_5129542676416299008_n.jpg 1200w\" sizes=\"(max-width: 423px) 100vw, 423px\" \/><\/a><\/div>\n<div>Des bienfaits ont \u00e9t\u00e9 constat\u00e9s et prouv\u00e9s scientifiquement sur les plans physiques, psychologiques et sociaux avec des effets \u00e0 court terme et long terme dans les h\u00f4pitaux et les maisons de retraite. Cependant, l&rsquo;acc\u00e8s des animaux de compagnie dans ces lieux de vie est souvent difficile \u00e0 obtenir alors m\u00eame que la r\u00e9glementation ne l&rsquo;interdit pas.<\/div>\n<div>&nbsp;<\/div>\n<div>C&rsquo;est pourquoi, des ma\u00eetres b\u00e9n\u00e9voles peuvent se rendre r\u00e9guli\u00e8rement dans ces \u00e9tablissements accompagn\u00e9s d&rsquo;animaux s\u00e9lectionn\u00e9s.&nbsp;<\/div>\n<div>&nbsp;<\/div>\n<div><span style=\"color: #993300;\"><em><strong>Qu\u2019apporte un chien visiteur ?<br \/>\n<\/strong><\/em><\/span><\/div>\n<div>Le chien visiteur permet parfois de briser ces murs, facilite le mouvement, la parole&#8230;<\/div>\n<div>\n<p>Le chien de compagnie peut jouer le r\u00f4le de m\u00e9diateur et d&rsquo;aide th\u00e9rapeutique en collaboration avec des professionnels \u00e0 destination des personnes \u00e2g\u00e9es, des malades et des personnes handicap\u00e9es. Ces animaux ne sont pas th\u00e9rapeutes, mais ils contribuent, \u00e0 leur insu, \u00e0 notre bien-\u00eatre.<\/p>\n<hr>\n<\/div>\n<div>\n<p>&nbsp;<\/p>\n<div class=\"mceTemp\">\n<div>\n<div><em><strong><span style=\"color: #ff0000;\">&nbsp;<\/span><\/strong><\/em><\/div>\n<div><em><strong><span style=\"color: #ff0000;\"><span style=\"color: #993300;\">Quel est le r\u00f4le du chien visiteur ?<br \/>\n<\/span><\/span><\/strong><\/em><\/div>\n<div>&nbsp;<\/div>\n<div><span style=\"color: #993300;\"><strong>Dans les H\u00f4pitaux :&nbsp;<\/strong><\/span><\/div>\n<div>La chaleur de sa fourrure, sa pr\u00e9sence affectueuse, son contact physique vont le transformer en auxiliaire de sant\u00e9 humaine pour am\u00e9liorer l\u2019\u00e9tat physique des malades en am\u00e9liorant leur \u00e9tat moral.<\/div>\n<div><span style=\"color: #993300;\"><strong>En maisons de retraite :<\/strong><\/span><\/div>\n<div>Il va rassurer par sa spontan\u00e9it\u00e9 et sa sinc\u00e9rit\u00e9, il s\u00e9curise, il permet de communiquer avec les autres, il permet de renouer avec la vie et d\u2019avoir un but, il redonne confiance en soi, il comble le vide. L\u2019\u00eatre humain vit plus longtemps, il aura de plus en plus besoin de ces aides.<\/div>\n<div><span style=\"color: #993300;\"><strong>En visites dans les \u00e9coles dans un but avant tout p\u00e9dagogique :&nbsp;<\/strong><\/span><\/div>\n<div>l\u2019enseignant peut gr\u00e2ce au chien introduire l\u2019apprentissage des pays selon l\u2019origine des races, l\u2019orthographe, les m\u00e9thodes pour \u00e9duquer, les rapports sociaux corrects, etc. Les enfants vont apprendre le respect de la vie, comment voir, sentir, toucher, \u00e9couter. Ils sauront quels sont les comportements \u00e0 \u00e9viter pour ne pas se faire mordre.<\/div>\n<div><span style=\"color: #993300;\"><strong>Avec les enfants des quartiers d\u00e9favoris\u00e9s :&nbsp;<\/strong><\/span><\/div>\n<div>Le chien peut \u00eatre utilis\u00e9 comme un moyen d\u2019apprendre le respect de l\u2019autre, il d\u00e9veloppe l\u2019empathie. Il peut participer \u00e0 la r\u00e9int\u00e9gration sociale en \u00e9tablissant une relation symbiotique, il permet d\u2019aller \u00e0 la rencontre de l\u2019autre.<\/div>\n<div>\n<p>&nbsp;<\/p>\n<hr>\n<\/div>\n<div><span style=\"color: #993300;\"><em><strong>Comment aborder l\u2019activit\u00e9 \u00ab\u00a0chien visiteur\u00a0\u00bb&nbsp; ?<br \/>\n<\/strong><\/em><\/span><\/div>\n<div>Les points essentiels sont les m\u00eames : convention avec un \u00e9tablissement, assurance individuelle ou collective, formation des ma\u00eetres et tests de probation des chiens, contr\u00f4le r\u00e9gulier et entretien de l\u2019\u00e9tat sanitaire des chiens.<a href=\"http:\/\/www.amicalecaninedijon.net\/wordpress\/wp-content\/uploads\/2019\/10\/P9085167.jpg\"><img loading=\"lazy\" decoding=\"async\" class=\"wp-image-4012 alignright\" src=\"http:\/\/www.amicalecaninedijon.net\/wordpress\/wp-content\/uploads\/2019\/10\/P9085167-1024x768.jpg\" alt=\"\" width=\"296\" height=\"222\" srcset=\"http:\/\/www.amicalecaninedijon.net\/wordpress\/wp-content\/uploads\/2019\/10\/P9085167-1024x768.jpg 1024w, http:\/\/www.amicalecaninedijon.net\/wordpress\/wp-content\/uploads\/2019\/10\/P9085167-300x225.jpg 300w, http:\/\/www.amicalecaninedijon.net\/wordpress\/wp-content\/uploads\/2019\/10\/P9085167-768x576.jpg 768w, http:\/\/www.amicalecaninedijon.net\/wordpress\/wp-content\/uploads\/2019\/10\/P9085167.jpg 1184w\" sizes=\"(max-width: 296px) 100vw, 296px\" \/><\/a><\/div>\n<div>\n<div>\n<p>Pour&nbsp;<strong>devenir chien visiteur\/chien m\u00e9diateur<\/strong>, il faut suivre un stage th\u00e9orique et pratique, des tests avec son chien, d&rsquo;une dur\u00e9e de 2 jours.&nbsp;<a href=\"http:\/\/www.amicalecaninedijon.net\/wordpress\/wp-content\/uploads\/2019\/10\/Stage-Chien-visiteur-Empreintes-CYNO21-10.jpg\"><img loading=\"lazy\" decoding=\"async\" class=\"wp-image-4021 alignleft\" src=\"http:\/\/www.amicalecaninedijon.net\/wordpress\/wp-content\/uploads\/2019\/10\/Stage-Chien-visiteur-Empreintes-CYNO21-10.jpg\" alt=\"\" width=\"197\" height=\"262\" srcset=\"http:\/\/www.amicalecaninedijon.net\/wordpress\/wp-content\/uploads\/2019\/10\/Stage-Chien-visiteur-Empreintes-CYNO21-10.jpg 666w, http:\/\/www.amicalecaninedijon.net\/wordpress\/wp-content\/uploads\/2019\/10\/Stage-Chien-visiteur-Empreintes-CYNO21-10-225x300.jpg 225w\" sizes=\"(max-width: 197px) 100vw, 197px\" \/><\/a><\/p>\n<p style=\"text-align: left;\">Le chien pr\u00e9sent\u00e9 doit avoir 12 mois r\u00e9volus, \u00eatre sociable, avoir un minimum d&rsquo;\u00e9ducation, \u00eatre stable au niveau comportement, \u00eatre bien dans sa t\u00eate, ses pattes et ses poils&#8230;<\/p>\n<p>Il n&rsquo;est pas oblig\u00e9 d&rsquo;\u00eatre LOF, tous les chiens sont autoris\u00e9s sauf les chiens cat\u00e9goris\u00e9s et les chiens inaptes aux tests de s\u00e9lection.<\/p>\n<p><a href=\"http:\/\/www.amicalecaninedijon.net\/wordpress\/wp-content\/uploads\/2019\/10\/P9085086.jpg\"><img loading=\"lazy\" decoding=\"async\" class=\"wp-image-4009 alignleft\" src=\"http:\/\/www.amicalecaninedijon.net\/wordpress\/wp-content\/uploads\/2019\/10\/P9085086-1024x768.jpg\" alt=\"\" width=\"271\" height=\"203\" srcset=\"http:\/\/www.amicalecaninedijon.net\/wordpress\/wp-content\/uploads\/2019\/10\/P9085086-1024x768.jpg 1024w, http:\/\/www.amicalecaninedijon.net\/wordpress\/wp-content\/uploads\/2019\/10\/P9085086-300x225.jpg 300w, http:\/\/www.amicalecaninedijon.net\/wordpress\/wp-content\/uploads\/2019\/10\/P9085086-768x576.jpg 768w, http:\/\/www.amicalecaninedijon.net\/wordpress\/wp-content\/uploads\/2019\/10\/P9085086.jpg 1184w\" sizes=\"(max-width: 271px) 100vw, 271px\" \/><\/a>L&rsquo;activit\u00e9 chien visiteur est une intervention b\u00e9n\u00e9vole. Les intervenants travaillent en partenariat sous couvert d&rsquo;un r\u00e9f\u00e9rent ou professionnel de la structure et sous convention avec des organismes public et priv\u00e9s.<\/p>\n<p><a href=\"http:\/\/www.amicalecaninedijon.net\/wordpress\/wp-content\/uploads\/2019\/10\/P9085294-e1570796174905.jpg\"><img loading=\"lazy\" decoding=\"async\" class=\"wp-image-4016 alignright\" src=\"http:\/\/www.amicalecaninedijon.net\/wordpress\/wp-content\/uploads\/2019\/10\/P9085294-1024x768.jpg\" alt=\"\" width=\"317\" height=\"238\"><\/a><\/p>\n<\/div>\n<p>Il reste alors \u00e0 se lancer en accompagnant un groupe d\u00e9j\u00e0 en activit\u00e9 ou en montant un nouveau projet de chien visiteur.<\/p>\n<\/div>\n<div id=\"yui_3_5_0_1_1464865282195_30794\"><span id=\"yui_3_5_0_1_1464865282195_30793\">L&rsquo;\u00e9tablissement o\u00f9 intervient le chien visiteur devra sign\u00e9 une convention. Monter un projet consiste donc \u00e0 trouver l&rsquo;accord sur toutes les modalit\u00e9s d&rsquo;intervention pour la satisfaction des deux parties (long mais indispensable).<\/span><\/div>\n<\/div>\n<div>&nbsp;<\/div>\n<div style=\"text-align: center;\"><span style=\"color: #3366ff;\"><em><strong>Merci \u00e0 la maison de retraite R\u00e9sidence Valmy et \u00e0 Brigitte, l&rsquo;animatrice qui est devenu notre premier partenaire pour ce projet.<\/strong><\/em><\/span><\/div>\n<div style=\"text-align: center;\">&nbsp;<\/div>\n<p style=\"text-align: center;\"><strong><span style=\"color: #993366;\">Cette activit\u00e9 est ouverte \u00e0 tous, sous r\u00e9serves des conditions \u00e9nonc\u00e9es ci-dessus, si vous \u00eates int\u00e9ress\u00e9s \u21d2 Contacter Bernadette par mail bernadettejoly21@gmail.com<br \/>\n<\/span><\/strong><\/p>\n<\/div>\n<\/div>\n<p><!--more--><\/p>\n<p><!--more--><\/p>\n","protected":false},"excerpt":{"rendered":"<p>Qu\u2019est ce qu\u2019un chien visiteur ? Un chien visiteur, c\u2019est un chien qui vient visiter des personnes \u00ab\u00a0coinc\u00e9es&nbsp;derri\u00e8re les murs\u00a0\u00bb, ceux de la vieillesse, de la maladie, du handicap, des prisons, de l\u2019exclusion&#8230; mais \u00e9galement&nbsp;des enfants scolaris\u00e9s dans une but d\u2019informations et de pr\u00e9vention des morsures. &nbsp; Des bienfaits ont \u00e9t\u00e9 constat\u00e9s et prouv\u00e9s scientifiquement &hellip; <a href=\"http:\/\/www.amicalecaninedijon.net\/wordpress\/chiens-visiteurs\/\" class=\"more-link\">Continuer la lecture de <span class=\"screen-reader-text\">Chiens visiteurs<\/span><\/a><\/p>\n","protected":false},"author":2,"featured_media":4005,"parent":0,"menu_order":5,"comment_status":"closed","ping_status":"closed","template":"","meta":{"ngg_post_thumbnail":0,"footnotes":""},"class_list":["post-4002","page","type-page","status-publish","has-post-thumbnail","hentry"],"yoast_head":"<!-- This site is optimized with the Yoast SEO plugin v24.9 - https:\/\/yoast.com\/wordpress\/plugins\/seo\/ -->\n<title>Chiens visiteurs - ADSC<\/title>\n<meta name=\"robots\" content=\"index, follow, max-snippet:-1, max-image-preview:large, max-video-preview:-1\" \/>\n<link rel=\"canonical\" href=\"http:\/\/www.amicalecaninedijon.net\/wordpress\/chiens-visiteurs\/\" \/>\n<meta property=\"og:locale\" content=\"fr_FR\" \/>\n<meta property=\"og:type\" content=\"article\" \/>\n<meta property=\"og:title\" content=\"Chiens visiteurs - ADSC\" \/>\n<meta property=\"og:description\" content=\"Qu\u2019est ce qu\u2019un chien visiteur ? Un chien visiteur, c\u2019est un chien qui vient visiter des personnes \u00ab\u00a0coinc\u00e9es&nbsp;derri\u00e8re les murs\u00a0\u00bb, ceux de la vieillesse, de la maladie, du handicap, des prisons, de l\u2019exclusion&#8230; mais \u00e9galement&nbsp;des enfants scolaris\u00e9s dans une but d\u2019informations et de pr\u00e9vention des morsures. &nbsp; Des bienfaits ont \u00e9t\u00e9 constat\u00e9s et prouv\u00e9s scientifiquement &hellip; Continuer la lecture de Chiens visiteurs\" \/>\n<meta property=\"og:url\" content=\"http:\/\/www.amicalecaninedijon.net\/wordpress\/chiens-visiteurs\/\" \/>\n<meta property=\"og:site_name\" content=\"ADSC\" \/>\n<meta property=\"article:modified_time\" content=\"2025-12-07T14:07:06+00:00\" \/>\n<meta property=\"og:image\" content=\"http:\/\/www.amicalecaninedijon.net\/wordpress\/wp-content\/uploads\/2019\/10\/72649226_2281830948794208_7654519675895676928_n.jpg\" \/>\n\t<meta property=\"og:image:width\" content=\"960\" \/>\n\t<meta property=\"og:image:height\" content=\"540\" \/>\n\t<meta property=\"og:image:type\" content=\"image\/jpeg\" \/>\n<meta name=\"twitter:label1\" content=\"Dur\u00e9e de lecture estim\u00e9e\" \/>\n\t<meta name=\"twitter:data1\" content=\"5 minutes\" \/>\n<script type=\"application\/ld+json\" class=\"yoast-schema-graph\">{\"@context\":\"https:\/\/schema.org\",\"@graph\":[{\"@type\":\"WebPage\",\"@id\":\"http:\/\/www.amicalecaninedijon.net\/wordpress\/chiens-visiteurs\/\",\"url\":\"http:\/\/www.amicalecaninedijon.net\/wordpress\/chiens-visiteurs\/\",\"name\":\"Chiens visiteurs - ADSC\",\"isPartOf\":{\"@id\":\"http:\/\/www.amicalecaninedijon.net\/wordpress\/#website\"},\"primaryImageOfPage\":{\"@id\":\"http:\/\/www.amicalecaninedijon.net\/wordpress\/chiens-visiteurs\/#primaryimage\"},\"image\":{\"@id\":\"http:\/\/www.amicalecaninedijon.net\/wordpress\/chiens-visiteurs\/#primaryimage\"},\"thumbnailUrl\":\"http:\/\/www.amicalecaninedijon.net\/wordpress\/wp-content\/uploads\/2019\/10\/72649226_2281830948794208_7654519675895676928_n.jpg\",\"datePublished\":\"2019-10-11T12:19:07+00:00\",\"dateModified\":\"2025-12-07T14:07:06+00:00\",\"breadcrumb\":{\"@id\":\"http:\/\/www.amicalecaninedijon.net\/wordpress\/chiens-visiteurs\/#breadcrumb\"},\"inLanguage\":\"fr-FR\",\"potentialAction\":[{\"@type\":\"ReadAction\",\"target\":[\"http:\/\/www.amicalecaninedijon.net\/wordpress\/chiens-visiteurs\/\"]}]},{\"@type\":\"ImageObject\",\"inLanguage\":\"fr-FR\",\"@id\":\"http:\/\/www.amicalecaninedijon.net\/wordpress\/chiens-visiteurs\/#primaryimage\",\"url\":\"http:\/\/www.amicalecaninedijon.net\/wordpress\/wp-content\/uploads\/2019\/10\/72649226_2281830948794208_7654519675895676928_n.jpg\",\"contentUrl\":\"http:\/\/www.amicalecaninedijon.net\/wordpress\/wp-content\/uploads\/2019\/10\/72649226_2281830948794208_7654519675895676928_n.jpg\",\"width\":960,\"height\":540},{\"@type\":\"BreadcrumbList\",\"@id\":\"http:\/\/www.amicalecaninedijon.net\/wordpress\/chiens-visiteurs\/#breadcrumb\",\"itemListElement\":[{\"@type\":\"ListItem\",\"position\":1,\"name\":\"Accueil\",\"item\":\"http:\/\/www.amicalecaninedijon.net\/wordpress\/\"},{\"@type\":\"ListItem\",\"position\":2,\"name\":\"Chiens visiteurs\"}]},{\"@type\":\"WebSite\",\"@id\":\"http:\/\/www.amicalecaninedijon.net\/wordpress\/#website\",\"url\":\"http:\/\/www.amicalecaninedijon.net\/wordpress\/\",\"name\":\"ADSC\",\"description\":\"AMICALE DIJONNAISE DES SPORTS CANINS\",\"potentialAction\":[{\"@type\":\"SearchAction\",\"target\":{\"@type\":\"EntryPoint\",\"urlTemplate\":\"http:\/\/www.amicalecaninedijon.net\/wordpress\/?s={search_term_string}\"},\"query-input\":{\"@type\":\"PropertyValueSpecification\",\"valueRequired\":true,\"valueName\":\"search_term_string\"}}],\"inLanguage\":\"fr-FR\"}]}<\/script>\n<!-- \/ Yoast SEO plugin. -->","yoast_head_json":{"title":"Chiens visiteurs - ADSC","robots":{"index":"index","follow":"follow","max-snippet":"max-snippet:-1","max-image-preview":"max-image-preview:large","max-video-preview":"max-video-preview:-1"},"canonical":"http:\/\/www.amicalecaninedijon.net\/wordpress\/chiens-visiteurs\/","og_locale":"fr_FR","og_type":"article","og_title":"Chiens visiteurs - ADSC","og_description":"Qu\u2019est ce qu\u2019un chien visiteur ? Un chien visiteur, c\u2019est un chien qui vient visiter des personnes \u00ab\u00a0coinc\u00e9es&nbsp;derri\u00e8re les murs\u00a0\u00bb, ceux de la vieillesse, de la maladie, du handicap, des prisons, de l\u2019exclusion&#8230; mais \u00e9galement&nbsp;des enfants scolaris\u00e9s dans une but d\u2019informations et de pr\u00e9vention des morsures. &nbsp; Des bienfaits ont \u00e9t\u00e9 constat\u00e9s et prouv\u00e9s scientifiquement &hellip; Continuer la lecture de Chiens visiteurs","og_url":"http:\/\/www.amicalecaninedijon.net\/wordpress\/chiens-visiteurs\/","og_site_name":"ADSC","article_modified_time":"2025-12-07T14:07:06+00:00","og_image":[{"width":960,"height":540,"url":"http:\/\/www.amicalecaninedijon.net\/wordpress\/wp-content\/uploads\/2019\/10\/72649226_2281830948794208_7654519675895676928_n.jpg","type":"image\/jpeg"}],"twitter_misc":{"Dur\u00e9e de lecture estim\u00e9e":"5 minutes"},"schema":{"@context":"https:\/\/schema.org","@graph":[{"@type":"WebPage","@id":"http:\/\/www.amicalecaninedijon.net\/wordpress\/chiens-visiteurs\/","url":"http:\/\/www.amicalecaninedijon.net\/wordpress\/chiens-visiteurs\/","name":"Chiens visiteurs - ADSC","isPartOf":{"@id":"http:\/\/www.amicalecaninedijon.net\/wordpress\/#website"},"primaryImageOfPage":{"@id":"http:\/\/www.amicalecaninedijon.net\/wordpress\/chiens-visiteurs\/#primaryimage"},"image":{"@id":"http:\/\/www.amicalecaninedijon.net\/wordpress\/chiens-visiteurs\/#primaryimage"},"thumbnailUrl":"http:\/\/www.amicalecaninedijon.net\/wordpress\/wp-content\/uploads\/2019\/10\/72649226_2281830948794208_7654519675895676928_n.jpg","datePublished":"2019-10-11T12:19:07+00:00","dateModified":"2025-12-07T14:07:06+00:00","breadcrumb":{"@id":"http:\/\/www.amicalecaninedijon.net\/wordpress\/chiens-visiteurs\/#breadcrumb"},"inLanguage":"fr-FR","potentialAction":[{"@type":"ReadAction","target":["http:\/\/www.amicalecaninedijon.net\/wordpress\/chiens-visiteurs\/"]}]},{"@type":"ImageObject","inLanguage":"fr-FR","@id":"http:\/\/www.amicalecaninedijon.net\/wordpress\/chiens-visiteurs\/#primaryimage","url":"http:\/\/www.amicalecaninedijon.net\/wordpress\/wp-content\/uploads\/2019\/10\/72649226_2281830948794208_7654519675895676928_n.jpg","contentUrl":"http:\/\/www.amicalecaninedijon.net\/wordpress\/wp-content\/uploads\/2019\/10\/72649226_2281830948794208_7654519675895676928_n.jpg","width":960,"height":540},{"@type":"BreadcrumbList","@id":"http:\/\/www.amicalecaninedijon.net\/wordpress\/chiens-visiteurs\/#breadcrumb","itemListElement":[{"@type":"ListItem","position":1,"name":"Accueil","item":"http:\/\/www.amicalecaninedijon.net\/wordpress\/"},{"@type":"ListItem","position":2,"name":"Chiens visiteurs"}]},{"@type":"WebSite","@id":"http:\/\/www.amicalecaninedijon.net\/wordpress\/#website","url":"http:\/\/www.amicalecaninedijon.net\/wordpress\/","name":"ADSC","description":"AMICALE DIJONNAISE DES SPORTS CANINS","potentialAction":[{"@type":"SearchAction","target":{"@type":"EntryPoint","urlTemplate":"http:\/\/www.amicalecaninedijon.net\/wordpress\/?s={search_term_string}"},"query-input":{"@type":"PropertyValueSpecification","valueRequired":true,"valueName":"search_term_string"}}],"inLanguage":"fr-FR"}]}},"_links":{"self":[{"href":"http:\/\/www.amicalecaninedijon.net\/wordpress\/wp-json\/wp\/v2\/pages\/4002"}],"collection":[{"href":"http:\/\/www.amicalecaninedijon.net\/wordpress\/wp-json\/wp\/v2\/pages"}],"about":[{"href":"http:\/\/www.amicalecaninedijon.net\/wordpress\/wp-json\/wp\/v2\/types\/page"}],"author":[{"embeddable":true,"href":"http:\/\/www.amicalecaninedijon.net\/wordpress\/wp-json\/wp\/v2\/users\/2"}],"replies":[{"embeddable":true,"href":"http:\/\/www.amicalecaninedijon.net\/wordpress\/wp-json\/wp\/v2\/comments?post=4002"}],"version-history":[{"count":24,"href":"http:\/\/www.amicalecaninedijon.net\/wordpress\/wp-json\/wp\/v2\/pages\/4002\/revisions"}],"predecessor-version":[{"id":5091,"href":"http:\/\/www.amicalecaninedijon.net\/wordpress\/wp-json\/wp\/v2\/pages\/4002\/revisions\/5091"}],"wp:featuredmedia":[{"embeddable":true,"href":"http:\/\/www.amicalecaninedijon.net\/wordpress\/wp-json\/wp\/v2\/media\/4005"}],"wp:attachment":[{"href":"http:\/\/www.amicalecaninedijon.net\/wordpress\/wp-json\/wp\/v2\/media?parent=4002"}],"curies":[{"name":"wp","href":"https:\/\/api.w.org\/{rel}","templated":true}]}}