{"id":45,"date":"2015-02-11T16:51:03","date_gmt":"2015-02-11T15:51:03","guid":{"rendered":"http:\/\/www.amicalecaninedijon.net\/wordpress\/?page_id=45"},"modified":"2016-11-02T14:50:11","modified_gmt":"2016-11-02T13:50:11","slug":"bibliographie","status":"publish","type":"page","link":"http:\/\/www.amicalecaninedijon.net\/wordpress\/bibliographie\/","title":{"rendered":"Bibliographie"},"content":{"rendered":"<p>A lire d\u00e8s l&rsquo;arriv\u00e9e d&rsquo;un chiot dans votre famille : <a href=\"http:\/\/dresser-son-chien.com\/bien-demarrer-avec-son-chien\">http:\/\/dresser-son-chien.com\/bien-demarrer-avec-son-chien<\/a><\/p>\n<p>Sur le m\u00eame site, vous trouverez \u00e9galement plusieurs articles susceptibles de vous int\u00e9resser, notamment comment reconna\u00eetre les sympt\u00f4mes de votre chien quand il souffre, cliquer ici : <a href=\"http:\/\/dresser-son-chien.com\/prendre-soin-de-son-chien\" target=\"_blank\">Prendre soin de son chien<\/a><\/p>\n<p>Flair du chien de Joseph ORTEGA<br \/>\nRef\u00e9rence 518001 POLYTRANS<\/p>\n<p>Le dressage du chien de Val\u00e9ria ROSSI<br \/>\nEditions De VECCHI<br \/>\nISBN 2-7328-1673-6<br \/>\nDisponible chez POLYTRANS<\/p>\n<p>Le RCI de Alain Dupont<br \/>\nEditions De VECCHI<br \/>\nISBN2-7328-2242-6<br \/>\nDisponible chez POLYTRANS<\/p>\n<p>Comment \u00e9duquer le chiot de Val\u00e9ria ROSSI<br \/>\nEditions De VECCHI<br \/>\nDisponible chez POLYTRANS<\/p>\n<p>L&rsquo;\u00e9cole des chiots et la m\u00e9thode naturelle de Joseph ORTEGA<br \/>\nJoseph ORTEGA<br \/>\nCancales 46360 St Cernin<\/p>\n<p>Le programme Ob\u00e9issance par la m\u00e9thode naturelle<br \/>\nJoseph ORTEGA<br \/>\nCancales 46360 St Cernin<\/p>\n","protected":false},"excerpt":{"rendered":"<p>A lire d\u00e8s l&rsquo;arriv\u00e9e d&rsquo;un chiot dans votre famille : http:\/\/dresser-son-chien.com\/bien-demarrer-avec-son-chien Sur le m\u00eame site, vous trouverez \u00e9galement plusieurs articles susceptibles de vous int\u00e9resser, notamment comment reconna\u00eetre les sympt\u00f4mes de votre chien quand il souffre, cliquer ici : Prendre soin de son chien Flair du chien de Joseph ORTEGA Ref\u00e9rence 518001 POLYTRANS Le dressage du &hellip; <a href=\"http:\/\/www.amicalecaninedijon.net\/wordpress\/bibliographie\/\" class=\"more-link\">Continuer la lecture de <span class=\"screen-reader-text\">Bibliographie<\/span><\/a><\/p>\n","protected":false},"author":2,"featured_media":377,"parent":0,"menu_order":7,"comment_status":"closed","ping_status":"closed","template":"","meta":{"ngg_post_thumbnail":0,"footnotes":""},"class_list":["post-45","page","type-page","status-publish","has-post-thumbnail","hentry"],"yoast_head":"<!-- This site is optimized with the Yoast SEO plugin v24.9 - https:\/\/yoast.com\/wordpress\/plugins\/seo\/ -->\n<title>Bibliographie canine<\/title>\n<meta name=\"description\" content=\"Un peu de lecture pour en apprendre d&#039;avantage sur le comportement du chien\" \/>\n<meta name=\"robots\" content=\"index, follow, max-snippet:-1, max-image-preview:large, max-video-preview:-1\" \/>\n<link rel=\"canonical\" href=\"http:\/\/www.amicalecaninedijon.net\/wordpress\/bibliographie\/\" \/>\n<meta property=\"og:locale\" content=\"fr_FR\" \/>\n<meta property=\"og:type\" content=\"article\" \/>\n<meta property=\"og:title\" content=\"Bibliographie canine\" \/>\n<meta property=\"og:description\" content=\"Un peu de lecture pour en apprendre d&#039;avantage sur le comportement du chien\" \/>\n<meta property=\"og:url\" content=\"http:\/\/www.amicalecaninedijon.net\/wordpress\/bibliographie\/\" \/>\n<meta property=\"og:site_name\" content=\"ADSC\" \/>\n<meta property=\"article:modified_time\" content=\"2016-11-02T13:50:11+00:00\" \/>\n<meta property=\"og:image\" content=\"http:\/\/www.amicalecaninedijon.net\/wordpress\/wp-content\/uploads\/2015\/02\/Educ-01.jpg\" \/>\n\t<meta property=\"og:image:width\" content=\"800\" \/>\n\t<meta property=\"og:image:height\" content=\"356\" \/>\n\t<meta property=\"og:image:type\" content=\"image\/jpeg\" \/>\n<meta name=\"twitter:label1\" content=\"Dur\u00e9e de lecture estim\u00e9e\" \/>\n\t<meta name=\"twitter:data1\" content=\"1 minute\" \/>\n<script type=\"application\/ld+json\" class=\"yoast-schema-graph\">{\"@context\":\"https:\/\/schema.org\",\"@graph\":[{\"@type\":\"WebPage\",\"@id\":\"http:\/\/www.amicalecaninedijon.net\/wordpress\/bibliographie\/\",\"url\":\"http:\/\/www.amicalecaninedijon.net\/wordpress\/bibliographie\/\",\"name\":\"Bibliographie canine\",\"isPartOf\":{\"@id\":\"http:\/\/www.amicalecaninedijon.net\/wordpress\/#website\"},\"primaryImageOfPage\":{\"@id\":\"http:\/\/www.amicalecaninedijon.net\/wordpress\/bibliographie\/#primaryimage\"},\"image\":{\"@id\":\"http:\/\/www.amicalecaninedijon.net\/wordpress\/bibliographie\/#primaryimage\"},\"thumbnailUrl\":\"http:\/\/www.amicalecaninedijon.net\/wordpress\/wp-content\/uploads\/2015\/02\/Educ-01.jpg\",\"datePublished\":\"2015-02-11T15:51:03+00:00\",\"dateModified\":\"2016-11-02T13:50:11+00:00\",\"description\":\"Un peu de lecture pour en apprendre d'avantage sur le comportement du chien\",\"breadcrumb\":{\"@id\":\"http:\/\/www.amicalecaninedijon.net\/wordpress\/bibliographie\/#breadcrumb\"},\"inLanguage\":\"fr-FR\",\"potentialAction\":[{\"@type\":\"ReadAction\",\"target\":[\"http:\/\/www.amicalecaninedijon.net\/wordpress\/bibliographie\/\"]}]},{\"@type\":\"ImageObject\",\"inLanguage\":\"fr-FR\",\"@id\":\"http:\/\/www.amicalecaninedijon.net\/wordpress\/bibliographie\/#primaryimage\",\"url\":\"http:\/\/www.amicalecaninedijon.net\/wordpress\/wp-content\/uploads\/2015\/02\/Educ-01.jpg\",\"contentUrl\":\"http:\/\/www.amicalecaninedijon.net\/wordpress\/wp-content\/uploads\/2015\/02\/Educ-01.jpg\",\"width\":800,\"height\":356,\"caption\":\"education chien\"},{\"@type\":\"BreadcrumbList\",\"@id\":\"http:\/\/www.amicalecaninedijon.net\/wordpress\/bibliographie\/#breadcrumb\",\"itemListElement\":[{\"@type\":\"ListItem\",\"position\":1,\"name\":\"Accueil\",\"item\":\"http:\/\/www.amicalecaninedijon.net\/wordpress\/\"},{\"@type\":\"ListItem\",\"position\":2,\"name\":\"Bibliographie\"}]},{\"@type\":\"WebSite\",\"@id\":\"http:\/\/www.amicalecaninedijon.net\/wordpress\/#website\",\"url\":\"http:\/\/www.amicalecaninedijon.net\/wordpress\/\",\"name\":\"ADSC\",\"description\":\"AMICALE DIJONNAISE DES SPORTS CANINS\",\"potentialAction\":[{\"@type\":\"SearchAction\",\"target\":{\"@type\":\"EntryPoint\",\"urlTemplate\":\"http:\/\/www.amicalecaninedijon.net\/wordpress\/?s={search_term_string}\"},\"query-input\":{\"@type\":\"PropertyValueSpecification\",\"valueRequired\":true,\"valueName\":\"search_term_string\"}}],\"inLanguage\":\"fr-FR\"}]}<\/script>\n<!-- \/ Yoast SEO plugin. -->","yoast_head_json":{"title":"Bibliographie canine","description":"Un peu de lecture pour en apprendre d'avantage sur le comportement du chien","robots":{"index":"index","follow":"follow","max-snippet":"max-snippet:-1","max-image-preview":"max-image-preview:large","max-video-preview":"max-video-preview:-1"},"canonical":"http:\/\/www.amicalecaninedijon.net\/wordpress\/bibliographie\/","og_locale":"fr_FR","og_type":"article","og_title":"Bibliographie canine","og_description":"Un peu de lecture pour en apprendre d'avantage sur le comportement du chien","og_url":"http:\/\/www.amicalecaninedijon.net\/wordpress\/bibliographie\/","og_site_name":"ADSC","article_modified_time":"2016-11-02T13:50:11+00:00","og_image":[{"width":800,"height":356,"url":"http:\/\/www.amicalecaninedijon.net\/wordpress\/wp-content\/uploads\/2015\/02\/Educ-01.jpg","type":"image\/jpeg"}],"twitter_misc":{"Dur\u00e9e de lecture estim\u00e9e":"1 minute"},"schema":{"@context":"https:\/\/schema.org","@graph":[{"@type":"WebPage","@id":"http:\/\/www.amicalecaninedijon.net\/wordpress\/bibliographie\/","url":"http:\/\/www.amicalecaninedijon.net\/wordpress\/bibliographie\/","name":"Bibliographie canine","isPartOf":{"@id":"http:\/\/www.amicalecaninedijon.net\/wordpress\/#website"},"primaryImageOfPage":{"@id":"http:\/\/www.amicalecaninedijon.net\/wordpress\/bibliographie\/#primaryimage"},"image":{"@id":"http:\/\/www.amicalecaninedijon.net\/wordpress\/bibliographie\/#primaryimage"},"thumbnailUrl":"http:\/\/www.amicalecaninedijon.net\/wordpress\/wp-content\/uploads\/2015\/02\/Educ-01.jpg","datePublished":"2015-02-11T15:51:03+00:00","dateModified":"2016-11-02T13:50:11+00:00","description":"Un peu de lecture pour en apprendre d'avantage sur le comportement du chien","breadcrumb":{"@id":"http:\/\/www.amicalecaninedijon.net\/wordpress\/bibliographie\/#breadcrumb"},"inLanguage":"fr-FR","potentialAction":[{"@type":"ReadAction","target":["http:\/\/www.amicalecaninedijon.net\/wordpress\/bibliographie\/"]}]},{"@type":"ImageObject","inLanguage":"fr-FR","@id":"http:\/\/www.amicalecaninedijon.net\/wordpress\/bibliographie\/#primaryimage","url":"http:\/\/www.amicalecaninedijon.net\/wordpress\/wp-content\/uploads\/2015\/02\/Educ-01.jpg","contentUrl":"http:\/\/www.amicalecaninedijon.net\/wordpress\/wp-content\/uploads\/2015\/02\/Educ-01.jpg","width":800,"height":356,"caption":"education chien"},{"@type":"BreadcrumbList","@id":"http:\/\/www.amicalecaninedijon.net\/wordpress\/bibliographie\/#breadcrumb","itemListElement":[{"@type":"ListItem","position":1,"name":"Accueil","item":"http:\/\/www.amicalecaninedijon.net\/wordpress\/"},{"@type":"ListItem","position":2,"name":"Bibliographie"}]},{"@type":"WebSite","@id":"http:\/\/www.amicalecaninedijon.net\/wordpress\/#website","url":"http:\/\/www.amicalecaninedijon.net\/wordpress\/","name":"ADSC","description":"AMICALE DIJONNAISE DES SPORTS CANINS","potentialAction":[{"@type":"SearchAction","target":{"@type":"EntryPoint","urlTemplate":"http:\/\/www.amicalecaninedijon.net\/wordpress\/?s={search_term_string}"},"query-input":{"@type":"PropertyValueSpecification","valueRequired":true,"valueName":"search_term_string"}}],"inLanguage":"fr-FR"}]}},"_links":{"self":[{"href":"http:\/\/www.amicalecaninedijon.net\/wordpress\/wp-json\/wp\/v2\/pages\/45"}],"collection":[{"href":"http:\/\/www.amicalecaninedijon.net\/wordpress\/wp-json\/wp\/v2\/pages"}],"about":[{"href":"http:\/\/www.amicalecaninedijon.net\/wordpress\/wp-json\/wp\/v2\/types\/page"}],"author":[{"embeddable":true,"href":"http:\/\/www.amicalecaninedijon.net\/wordpress\/wp-json\/wp\/v2\/users\/2"}],"replies":[{"embeddable":true,"href":"http:\/\/www.amicalecaninedijon.net\/wordpress\/wp-json\/wp\/v2\/comments?post=45"}],"version-history":[{"count":9,"href":"http:\/\/www.amicalecaninedijon.net\/wordpress\/wp-json\/wp\/v2\/pages\/45\/revisions"}],"predecessor-version":[{"id":1599,"href":"http:\/\/www.amicalecaninedijon.net\/wordpress\/wp-json\/wp\/v2\/pages\/45\/revisions\/1599"}],"wp:featuredmedia":[{"embeddable":true,"href":"http:\/\/www.amicalecaninedijon.net\/wordpress\/wp-json\/wp\/v2\/media\/377"}],"wp:attachment":[{"href":"http:\/\/www.amicalecaninedijon.net\/wordpress\/wp-json\/wp\/v2\/media?parent=45"}],"curies":[{"name":"wp","href":"https:\/\/api.w.org\/{rel}","templated":true}]}}