{"id":593,"date":"2015-06-21T15:41:05","date_gmt":"2015-06-21T13:41:05","guid":{"rendered":"http:\/\/www.amicalecaninedijon.net\/wordpress\/?page_id=593"},"modified":"2015-07-21T16:45:31","modified_gmt":"2015-07-21T14:45:31","slug":"lexique","status":"publish","type":"page","link":"http:\/\/www.amicalecaninedijon.net\/wordpress\/lexique\/","title":{"rendered":"Lexique"},"content":{"rendered":"<p><span style=\"text-decoration: underline;\">Affixe :<\/span> Nom de l&rsquo;\u00e9levage dont est issu le chien<\/p>\n<p><span style=\"text-decoration: underline;\">Confirmation :<\/span> Examen qui se passe lors des expositions canines ou lors de s\u00e9ances de s\u00e9lection organis\u00e9es par les clubs de race. un juge d\u00e9taille l&rsquo;apparence physique du chien en fonction des crit\u00e8res du standard de la race. Il s&rsquo;assure aussi en g\u00e9n\u00e9ral du caract\u00e8re du chien qui ne doit \u00eatre ni peureux ni agressif.<\/p>\n<p><span style=\"text-decoration: underline;\">C.A.C.I.B :<\/span> Certificat d&rsquo;Aptitude au Concours International de Beaut\u00e9<\/p>\n<p><span style=\"text-decoration: underline;\">C.S.A.U :<\/span> Certificat de sociabilit\u00e9 et d&rsquo;aptitude \u00e0 l&rsquo;utilisation.<\/p>\n<p><span style=\"text-decoration: underline;\">L.O.F :<\/span> Livre des origines fran\u00e7ais<\/p>\n<p><span style=\"text-decoration: underline;\">Pedigree :<\/span> Document officiel attestant que le chien est apte \u00e0 la reproduction de la race. Le pedigree s&rsquo;obtient aupr\u00e8s de la S.C.C apr\u00e8s enregistrement de la confirmation.<\/p>\n<p><span style=\"text-decoration: underline;\">S.C.C :<\/span> Soci\u00e9t\u00e9 Centrale Canine; C&rsquo;est l&rsquo;organisme officiel de la cynophilie fran\u00e7aise reconnu par le minist\u00e8re de l&rsquo;agriculture et regroupant les soci\u00e9t\u00e9s canines r\u00e9gionales et les clubs de race.<\/p>\n<p><span style=\"text-decoration: underline;\">T.A.N :<\/span> Test d&rsquo;aptitudes naturelles<\/p>\n","protected":false},"excerpt":{"rendered":"<p>Affixe : Nom de l&rsquo;\u00e9levage dont est issu le chien Confirmation : Examen qui se passe lors des expositions canines ou lors de s\u00e9ances de s\u00e9lection organis\u00e9es par les clubs de race. un juge d\u00e9taille l&rsquo;apparence physique du chien en fonction des crit\u00e8res du standard de la race. Il s&rsquo;assure aussi en g\u00e9n\u00e9ral du caract\u00e8re &hellip; <a href=\"http:\/\/www.amicalecaninedijon.net\/wordpress\/lexique\/\" class=\"more-link\">Continuer la lecture de <span class=\"screen-reader-text\">Lexique<\/span><\/a><\/p>\n","protected":false},"author":2,"featured_media":0,"parent":0,"menu_order":7,"comment_status":"closed","ping_status":"open","template":"","meta":{"ngg_post_thumbnail":0,"footnotes":""},"class_list":["post-593","page","type-page","status-publish","hentry"],"yoast_head":"<!-- This site is optimized with the Yoast SEO plugin v24.9 - https:\/\/yoast.com\/wordpress\/plugins\/seo\/ -->\n<title>Lexique canin<\/title>\n<meta name=\"description\" content=\"Abr\u00e9viations canines usuelles\" \/>\n<meta name=\"robots\" content=\"index, follow, max-snippet:-1, max-image-preview:large, max-video-preview:-1\" \/>\n<link rel=\"canonical\" href=\"http:\/\/www.amicalecaninedijon.net\/wordpress\/lexique\/\" \/>\n<meta property=\"og:locale\" content=\"fr_FR\" \/>\n<meta property=\"og:type\" content=\"article\" \/>\n<meta property=\"og:title\" content=\"Lexique canin\" \/>\n<meta property=\"og:description\" content=\"Abr\u00e9viations canines usuelles\" \/>\n<meta property=\"og:url\" content=\"http:\/\/www.amicalecaninedijon.net\/wordpress\/lexique\/\" \/>\n<meta property=\"og:site_name\" content=\"ADSC\" \/>\n<meta property=\"article:modified_time\" content=\"2015-07-21T14:45:31+00:00\" \/>\n<meta name=\"twitter:label1\" content=\"Dur\u00e9e de lecture estim\u00e9e\" \/>\n\t<meta name=\"twitter:data1\" content=\"1 minute\" \/>\n<script type=\"application\/ld+json\" class=\"yoast-schema-graph\">{\"@context\":\"https:\/\/schema.org\",\"@graph\":[{\"@type\":\"WebPage\",\"@id\":\"http:\/\/www.amicalecaninedijon.net\/wordpress\/lexique\/\",\"url\":\"http:\/\/www.amicalecaninedijon.net\/wordpress\/lexique\/\",\"name\":\"Lexique canin\",\"isPartOf\":{\"@id\":\"http:\/\/www.amicalecaninedijon.net\/wordpress\/#website\"},\"datePublished\":\"2015-06-21T13:41:05+00:00\",\"dateModified\":\"2015-07-21T14:45:31+00:00\",\"description\":\"Abr\u00e9viations canines usuelles\",\"breadcrumb\":{\"@id\":\"http:\/\/www.amicalecaninedijon.net\/wordpress\/lexique\/#breadcrumb\"},\"inLanguage\":\"fr-FR\",\"potentialAction\":[{\"@type\":\"ReadAction\",\"target\":[\"http:\/\/www.amicalecaninedijon.net\/wordpress\/lexique\/\"]}]},{\"@type\":\"BreadcrumbList\",\"@id\":\"http:\/\/www.amicalecaninedijon.net\/wordpress\/lexique\/#breadcrumb\",\"itemListElement\":[{\"@type\":\"ListItem\",\"position\":1,\"name\":\"Accueil\",\"item\":\"http:\/\/www.amicalecaninedijon.net\/wordpress\/\"},{\"@type\":\"ListItem\",\"position\":2,\"name\":\"Lexique\"}]},{\"@type\":\"WebSite\",\"@id\":\"http:\/\/www.amicalecaninedijon.net\/wordpress\/#website\",\"url\":\"http:\/\/www.amicalecaninedijon.net\/wordpress\/\",\"name\":\"ADSC\",\"description\":\"AMICALE DIJONNAISE DES SPORTS CANINS\",\"potentialAction\":[{\"@type\":\"SearchAction\",\"target\":{\"@type\":\"EntryPoint\",\"urlTemplate\":\"http:\/\/www.amicalecaninedijon.net\/wordpress\/?s={search_term_string}\"},\"query-input\":{\"@type\":\"PropertyValueSpecification\",\"valueRequired\":true,\"valueName\":\"search_term_string\"}}],\"inLanguage\":\"fr-FR\"}]}<\/script>\n<!-- \/ Yoast SEO plugin. -->","yoast_head_json":{"title":"Lexique canin","description":"Abr\u00e9viations canines usuelles","robots":{"index":"index","follow":"follow","max-snippet":"max-snippet:-1","max-image-preview":"max-image-preview:large","max-video-preview":"max-video-preview:-1"},"canonical":"http:\/\/www.amicalecaninedijon.net\/wordpress\/lexique\/","og_locale":"fr_FR","og_type":"article","og_title":"Lexique canin","og_description":"Abr\u00e9viations canines usuelles","og_url":"http:\/\/www.amicalecaninedijon.net\/wordpress\/lexique\/","og_site_name":"ADSC","article_modified_time":"2015-07-21T14:45:31+00:00","twitter_misc":{"Dur\u00e9e de lecture estim\u00e9e":"1 minute"},"schema":{"@context":"https:\/\/schema.org","@graph":[{"@type":"WebPage","@id":"http:\/\/www.amicalecaninedijon.net\/wordpress\/lexique\/","url":"http:\/\/www.amicalecaninedijon.net\/wordpress\/lexique\/","name":"Lexique canin","isPartOf":{"@id":"http:\/\/www.amicalecaninedijon.net\/wordpress\/#website"},"datePublished":"2015-06-21T13:41:05+00:00","dateModified":"2015-07-21T14:45:31+00:00","description":"Abr\u00e9viations canines usuelles","breadcrumb":{"@id":"http:\/\/www.amicalecaninedijon.net\/wordpress\/lexique\/#breadcrumb"},"inLanguage":"fr-FR","potentialAction":[{"@type":"ReadAction","target":["http:\/\/www.amicalecaninedijon.net\/wordpress\/lexique\/"]}]},{"@type":"BreadcrumbList","@id":"http:\/\/www.amicalecaninedijon.net\/wordpress\/lexique\/#breadcrumb","itemListElement":[{"@type":"ListItem","position":1,"name":"Accueil","item":"http:\/\/www.amicalecaninedijon.net\/wordpress\/"},{"@type":"ListItem","position":2,"name":"Lexique"}]},{"@type":"WebSite","@id":"http:\/\/www.amicalecaninedijon.net\/wordpress\/#website","url":"http:\/\/www.amicalecaninedijon.net\/wordpress\/","name":"ADSC","description":"AMICALE DIJONNAISE DES SPORTS CANINS","potentialAction":[{"@type":"SearchAction","target":{"@type":"EntryPoint","urlTemplate":"http:\/\/www.amicalecaninedijon.net\/wordpress\/?s={search_term_string}"},"query-input":{"@type":"PropertyValueSpecification","valueRequired":true,"valueName":"search_term_string"}}],"inLanguage":"fr-FR"}]}},"_links":{"self":[{"href":"http:\/\/www.amicalecaninedijon.net\/wordpress\/wp-json\/wp\/v2\/pages\/593"}],"collection":[{"href":"http:\/\/www.amicalecaninedijon.net\/wordpress\/wp-json\/wp\/v2\/pages"}],"about":[{"href":"http:\/\/www.amicalecaninedijon.net\/wordpress\/wp-json\/wp\/v2\/types\/page"}],"author":[{"embeddable":true,"href":"http:\/\/www.amicalecaninedijon.net\/wordpress\/wp-json\/wp\/v2\/users\/2"}],"replies":[{"embeddable":true,"href":"http:\/\/www.amicalecaninedijon.net\/wordpress\/wp-json\/wp\/v2\/comments?post=593"}],"version-history":[{"count":1,"href":"http:\/\/www.amicalecaninedijon.net\/wordpress\/wp-json\/wp\/v2\/pages\/593\/revisions"}],"predecessor-version":[{"id":594,"href":"http:\/\/www.amicalecaninedijon.net\/wordpress\/wp-json\/wp\/v2\/pages\/593\/revisions\/594"}],"wp:attachment":[{"href":"http:\/\/www.amicalecaninedijon.net\/wordpress\/wp-json\/wp\/v2\/media?parent=593"}],"curies":[{"name":"wp","href":"https:\/\/api.w.org\/{rel}","templated":true}]}}